divided by 188?
172
Calculate the remainder when 778 is divided by 71.
68
What is the remainder when 798 is divided by 159?
3
Calculate the remainder when 37 is divided by 24.
13
Calculate the remainder when 53351 is divided by 108.
107
What is the remainder when 168 is divided by 56?
0
Calculate the remainder when 8900 is divided by 43.
42
Calculate the remainder when 1212 is divided by 53.
46
What is the remainder when 3887 is divided by 324?
323
Calculate the remainder when 844 is divided by 280.
4
What is the remainder when 1477 is divided by 19?
14
What is the remainder when 533 is divided by 93?
68
Calculate the remainder when 301 is divided by 99.
4
Calculate the remainder when 65 is divided by 22.
21
What is the remainder when 26124 is divided by 71?
67
Calculate the remainder when 164 is divided by 52.
8
What is the remainder when 83 is divided by 14?
13
Calculate the remainder when 477 is divided by 118.
5
Calculate the remainder when 4311 is divided by 88.
87
What is the remainder when 457 is divided by 7?
2
What is the remainder when 647 is divided by 26?
23
Calculate the remainder when 156 is divided by 50.
6
Calculate the remainder when 850 is divided by 156.
70
Calculate the remainder when 939 is divided by 932.
7
What is the remainder when 273 is divided by 35?
28
What is the remainder when 30 is divided by 16?
14
Calculate the remainder when 42227 is divided by 121.
119
Calculate the remainder when 10 is divided by 4.
2
What is the remainder when 34599 is divided by 16?
7
What is the remainder when 35 is divided by 4?
3
What is the remainder when 243 is divided by 59?
7
Calculate the remainder when 2556 is divided by 425.
6
What is the remainder when 415 is divided by 149?
117
Calculate the remainder when 2398 is divided by 49.
46
Calculate the remainder when 493 is divided by 98.
3
What is the remainder when 12 is divided by 5?
2
What is the remainder when 921 is divided by 42?
39
What is the remainder when 1143 is divided by 17?
4
What is the remainder when 527 is divided by 41?
35
Calculate the remainder when 420 is divided by 43.
33
Calculate the remainder when 2128 is divided by 30.
28
What is the remainder when 442 is divided by 62?
8
What is the remainder when 54915 is divided by 27?
24
Calculate the remainder when 720 is divided by 337.
46
What is the remainder when 612 is divided by 304?
4
Calculate the remainder when 203 is divided by 58.
29
Calculate the remainder when 118 is divided by 23.
3
What is the remainder when 806 is divided by 403?
0
Calculate the remainder when 1922 is divided by 527.
341
Calculate the remainder when 81 is divided by 25.
6
Calculate the remainder when 1547 is divided by 409.
320
What is the remainder when 740 is divided by 149?
144
What is the remainder when 482 is divided by 69?
68
What is the remainder when 3298 is divided by 10?
8
What is the remainder when 6478 is divided by 12?
10
Calculate the remainder when 394 is divided by 20.
14
What is the remainder when 33 is divided by 20?
13
Calculate the remainder when 333 is divided by 175.
158
What is the remainder when 70 is divided by 22?
4
What is the remainder when 358 is divided by 45?
43
Calculate the remainder when 1173 is divided by 385.
18
Calculate the remainder when 645 is divided by 24.
21
Calculate the remainder when 424 is divided by 271.
153
Calculate the remainder when 75 is divided by 11.
9
What is the remainder when 688 is divided by 227?
7
Calculate the remainder when 2470 is divided by 36.
22
What is the remainder when 1361 is divided by 49?
38
Calculate the remainder when 1057 is divided by 209.
12
Calculate the remainder when 5505 is divided by 54.
51
Calculate the remainder when 66 is divided by 30.
6
Calculate the remainder when 349 is divided by 44.
41
Calculate the remainder when 338 is divided by 149.
40
Calculate the remainder when 557 is divided by 173.
38
Calculate the remainder when 1127 is divided by 294.
245
Calculate the remainder when 308 is divided by 77.
0
Calculate the remainder when 217 is divided by 45.
37
Calculate the remainder when 600 is divided by 564.
36
What is the remainder when 1146 is divided by 28?
26
What is the remainder when 963 is divided by 269?
156
Calculate the remainder when 1165 is divided by 11.
10
What is the remainder when 654 is divided by 324?
6
Calculate the remainder when 528 is divided by 162.
42
Calculate the remainder when 559 is divided by 112.
111
Calculate the remainder when 415 is divided by 13.
12
Calculate the remainder when 73 is divided by 20.
13
What is the remainder when 216 is divided by 182?
34
What is the remainder when 1499 is divided by 302?
291
What is the remainder when 536 is divided by 25?
11
What is the remainder when 1195 is divided by 57?
55
What is the remainder when 1707 is divided by 7?
6
Calculate the remainder when 222 is divided by 16.
14
Calculate the remainder when 366 is divided by 10.
6
Calculate the remainder when 895 is divided by 16.
15
What is the remainder when 418 is divided by 20?
18
Calculate the remainder when 45814 is divided by 69.
67
Calculate the remainder when 135 is divided by 14.
9
Calculate the remainder when 128 is divided by 18.
2
Calculate the remainder when 695 is divided by 88.
79
What is the remainder when 2700 is divided by 32?
12
What is the remainder when 327 is divided by 6?
3
What is the remainder when 3272 is divided by 21?
17
Calculate the remainder when 663 is divided by 155.
43
What is the remainder when 4960 is divided by 74?
2
Calculate the remainder when 367 is divided by 74.
71
Calculate the remainder when 144 is divided by 80.
64
What is the remainder when 185 is divided by 25?
10
Calculate the remainder when 33 is divided by 28.
5
What is the remainder when 296 is divided by 294?
2
What is the remainder when 210 is divided by 4?
2
What is the remainder when 214 is divided by 108?
106
What is the remainder when 103 is divided by 47?
9
What is the remainder when 16319 is divided by 102?
101
Calculate the remainder when 55 is divided by 24.
7
Calculate the remainder when 2155 is divided by 44.
43
Calculate the remainder when 122 is divided by 28.
10
What is the remainder when 1074 is divided by 140?
94
Calculate the remainder when 2125 is divided by 152.
149
Calculate the remainder when 696 is divided by 10.
6
What is the remainder when 16103 is divided by 21?
17
Calculate the remainder when 110 is divided by 38.
34
Calculate the remainder when 33 is divided by 15.
3
What is the remainder when 302 is divided by 4?
2
Calculate the remainder when 151 is divided by 22.
19
Calculate the remainder when 690 is divided by 100.
90
What is the remainder when 476 is divided by 15?
11
Calculate the remainder when 3490 is divided by 435.
10
Calculate the remainder when 86 is divided by 31.
24
Calculate the remainder when 1021 is divided by 172.
161
What is the remainder when 202 is divided by 4?
2
What is the remainder when 83 is divided by 35?
13
Calculate the remainder when 15718 is divided by 60.
58
What is the remainder when 700 is divided by 8?
4
Calculate the remainder when 2382 is divided by 18.
6
Calculate the remainder when 359 is divided by 17.
2
What is the remainder when 112 is divided by 61?
51
What is the remainder when 3152 is divided by 131?
8
Calculate the remainder when 317 is divided by 32.
29
Calculate the remainder when 888 is divided by 33.
30
What is the remainder when 110 is divided by 24?
14
What is the remainder when 1710 is divided by 245?
240
What is the remainder when 158 is divided by 9?
5
Calculate the remainder when 251 is divided by 9.
8
Calculate the remainder when 154 is divided by 74.
6
Calculate the remainder when 61 is divided by 17.
10
Calculate the remainder when 57 is divided by 31.
26
What is the remainder when 705 is divided by 12?
9
What is the remainder when 100 is divided by 26?
22
What is the remainder when 605 is divided by 202?
201
Calculate the remainder when 662 is divided by 321.
20
Calculate the remainder when 775 is divided by 97.
96
Calculate the remainder when 519 is divided by 40.
39
What is the remainder when 24 is divided by 5?
4
What is the remainder when 83 is divided by 47?
36
Calculate the remainder when 429 is divided by 72.
69
What is the remainde